{"id":1185,"date":"2024-11-08T12:55:25","date_gmt":"2024-11-08T12:55:25","guid":{"rendered":"https:\/\/stoa.eng.br\/site\/?page_id=1185"},"modified":"2025-01-08T12:52:11","modified_gmt":"2025-01-08T12:52:11","slug":"sobre-nos","status":"publish","type":"page","link":"https:\/\/stoa.eng.br\/site\/?page_id=1185","title":{"rendered":"Sobre N\u00f3s"},"content":{"rendered":"\t\t<div data-elementor-type=\"wp-page\" data-elementor-id=\"1185\" class=\"elementor elementor-1185\">\n\t\t\t\t<div class=\"elementor-element elementor-element-fa25109 e-flex e-con-boxed e-con e-parent\" data-id=\"fa25109\" data-element_type=\"container\" data-settings=\"{&quot;background_background&quot;:&quot;classic&quot;}\">\n\t\t\t\t\t<div class=\"e-con-inner\">\n\t\t\t\t<div class=\"elementor-element elementor-element-9589d18 elementor-widget elementor-widget-heading\" data-id=\"9589d18\" data-element_type=\"widget\" data-widget_type=\"heading.default\">\n\t\t\t\t<div class=\"elementor-widget-container\">\n\t\t\t<h2 class=\"elementor-heading-title elementor-size-default\">Sobre N\u00f3s<\/h2>\t\t<\/div>\n\t\t\t\t<\/div>\n\t\t\t\t\t<\/div>\n\t\t\t\t<\/div>\n\t\t<div class=\"elementor-element elementor-element-6b72584 e-flex e-con-boxed e-con e-parent\" data-id=\"6b72584\" data-element_type=\"container\">\n\t\t\t\t\t<div class=\"e-con-inner\">\n\t\t<div class=\"elementor-element elementor-element-1459e3d e-con-full e-flex e-con e-child\" data-id=\"1459e3d\" data-element_type=\"container\">\n\t\t\t\t<div class=\"elementor-element elementor-element-6a89bd9 elementor-widget elementor-widget-heading\" data-id=\"6a89bd9\" data-element_type=\"widget\" data-widget_type=\"heading.default\">\n\t\t\t\t<div class=\"elementor-widget-container\">\n\t\t\t<h5 class=\"elementor-heading-title elementor-size-default\">Conhe\u00e7a um pouco sobre n\u00f3s<\/h5>\t\t<\/div>\n\t\t\t\t<\/div>\n\t\t\t\t<div class=\"elementor-element elementor-element-ee5061f elementor-widget elementor-widget-heading\" data-id=\"ee5061f\" data-element_type=\"widget\" data-widget_type=\"heading.default\">\n\t\t\t\t<div class=\"elementor-widget-container\">\n\t\t\t<h5 class=\"elementor-heading-title elementor-size-default\"><b>A STOA Solu\u00e7\u00f5es em Energia<\/b> se destaca na instala\u00e7\u00e3o e manuten\u00e7\u00e3o de sistemas el\u00e9tricos de pot\u00eancia (SEP) de m\u00e9dia e baixa tens\u00e3o, <b>atendendo de forma especializada loteamentos, ind\u00fastrias, constru\u00e7\u00e3o civil e o com\u00e9rcio<\/b>. Localizada na Grande Vit\u00f3ria-ES, nossa equipe de engenheiros e t\u00e9cnicos altamente qualificados est\u00e1 <b>pronta para oferecer solu\u00e7\u00f5es sob medida, sempre com foco em qualidade e seguran\u00e7a<\/b>.<\/h5>\t\t<\/div>\n\t\t\t\t<\/div>\n\t\t\t\t<div class=\"elementor-element elementor-element-85dc956 elementor-widget elementor-widget-heading\" data-id=\"85dc956\" data-element_type=\"widget\" data-widget_type=\"heading.default\">\n\t\t\t\t<div class=\"elementor-widget-container\">\n\t\t\t<h5 class=\"elementor-heading-title elementor-size-default\">Nos \u00faltimos anos, <b>consolidamo-nos como refer\u00eancia em solu\u00e7\u00f5es de energia el\u00e9trica<\/b>, construindo parcerias duradouras atrav\u00e9s de um atendimento \u00e1gil e eficiente. <b>Nosso compromisso com a satisfa\u00e7\u00e3o do cliente, produtividade e transpar\u00eancia<\/b> \u00e9 refletido em cada projeto, executado com <b>\u00e9tica, pontualidade e respeito<\/b> \u00e0s normas vigentes.<\/h5>\t\t<\/div>\n\t\t\t\t<\/div>\n\t\t\t\t<\/div>\n\t\t<div class=\"elementor-element elementor-element-e0df4f3 e-con-full e-flex e-con e-child\" data-id=\"e0df4f3\" data-element_type=\"container\">\n\t\t\t\t<div class=\"elementor-element elementor-element-7d8f419 elementor-pagination-position-outside elementor-widget elementor-widget-image-carousel\" data-id=\"7d8f419\" data-element_type=\"widget\" data-settings=\"{&quot;slides_to_show&quot;:&quot;1&quot;,&quot;navigation&quot;:&quot;dots&quot;,&quot;autoplay&quot;:&quot;yes&quot;,&quot;autoplay_speed&quot;:5000,&quot;infinite&quot;:&quot;yes&quot;,&quot;effect&quot;:&quot;slide&quot;,&quot;speed&quot;:500}\" data-widget_type=\"image-carousel.default\">\n\t\t\t\t<div class=\"elementor-widget-container\">\n\t\t\t\t\t<div class=\"elementor-image-carousel-wrapper swiper\" dir=\"ltr\">\n\t\t\t<div class=\"elementor-image-carousel swiper-wrapper swiper-image-stretch\" aria-live=\"off\">\n\t\t\t\t\t\t\t\t<div class=\"swiper-slide\" role=\"group\" aria-roledescription=\"slide\" aria-label=\"1 de 9\"><figure class=\"swiper-slide-inner\"><img decoding=\"async\" class=\"swiper-slide-image\" src=\"https:\/\/stoa.eng.br\/site\/wp-content\/uploads\/2025\/01\/Sobre01.jpg\" alt=\"Sobre01\" \/><\/figure><\/div><div class=\"swiper-slide\" role=\"group\" aria-roledescription=\"slide\" aria-label=\"2 de 9\"><figure class=\"swiper-slide-inner\"><img decoding=\"async\" class=\"swiper-slide-image\" src=\"https:\/\/stoa.eng.br\/site\/wp-content\/uploads\/2025\/01\/Sobre02.jpg\" alt=\"Sobre02\" \/><\/figure><\/div><div class=\"swiper-slide\" role=\"group\" aria-roledescription=\"slide\" aria-label=\"3 de 9\"><figure class=\"swiper-slide-inner\"><img decoding=\"async\" class=\"swiper-slide-image\" src=\"https:\/\/stoa.eng.br\/site\/wp-content\/uploads\/2025\/01\/Sobre03.jpg\" alt=\"Sobre03\" \/><\/figure><\/div><div class=\"swiper-slide\" role=\"group\" aria-roledescription=\"slide\" aria-label=\"4 de 9\"><figure class=\"swiper-slide-inner\"><img decoding=\"async\" class=\"swiper-slide-image\" src=\"https:\/\/stoa.eng.br\/site\/wp-content\/uploads\/2025\/01\/Sobre04.jpg\" alt=\"Sobre04\" \/><\/figure><\/div><div class=\"swiper-slide\" role=\"group\" aria-roledescription=\"slide\" aria-label=\"5 de 9\"><figure class=\"swiper-slide-inner\"><img decoding=\"async\" class=\"swiper-slide-image\" src=\"https:\/\/stoa.eng.br\/site\/wp-content\/uploads\/2025\/01\/Sobre05.jpg\" alt=\"Sobre05\" \/><\/figure><\/div><div class=\"swiper-slide\" role=\"group\" aria-roledescription=\"slide\" aria-label=\"6 de 9\"><figure class=\"swiper-slide-inner\"><img decoding=\"async\" class=\"swiper-slide-image\" src=\"https:\/\/stoa.eng.br\/site\/wp-content\/uploads\/2025\/01\/Sobre06.jpg\" alt=\"Sobre06\" \/><\/figure><\/div><div class=\"swiper-slide\" role=\"group\" aria-roledescription=\"slide\" aria-label=\"7 de 9\"><figure class=\"swiper-slide-inner\"><img decoding=\"async\" class=\"swiper-slide-image\" src=\"https:\/\/stoa.eng.br\/site\/wp-content\/uploads\/2025\/01\/Sobre07.jpg\" alt=\"Sobre07\" \/><\/figure><\/div><div class=\"swiper-slide\" role=\"group\" aria-roledescription=\"slide\" aria-label=\"8 de 9\"><figure class=\"swiper-slide-inner\"><img decoding=\"async\" class=\"swiper-slide-image\" src=\"https:\/\/stoa.eng.br\/site\/wp-content\/uploads\/2025\/01\/Sobre08.jpg\" alt=\"Sobre08\" \/><\/figure><\/div><div class=\"swiper-slide\" role=\"group\" aria-roledescription=\"slide\" aria-label=\"9 de 9\"><figure class=\"swiper-slide-inner\"><img decoding=\"async\" class=\"swiper-slide-image\" src=\"https:\/\/stoa.eng.br\/site\/wp-content\/uploads\/2025\/01\/Sobre09.jpg\" alt=\"Sobre09\" \/><\/figure><\/div>\t\t\t<\/div>\n\t\t\t\t\t\t\t\n\t\t\t\t\t\t\t\t\t<div class=\"swiper-pagination\"><\/div>\n\t\t\t\t\t\t\t\t\t<\/div>\n\t\t\t\t<\/div>\n\t\t\t\t<\/div>\n\t\t\t\t<\/div>\n\t\t\t\t\t<\/div>\n\t\t\t\t<\/div>\n\t\t<div class=\"elementor-element elementor-element-831ff6d e-flex e-con-boxed e-con e-parent\" data-id=\"831ff6d\" data-element_type=\"container\">\n\t\t\t\t\t<div class=\"e-con-inner\">\n\t\t<div class=\"elementor-element elementor-element-2f2b445 e-con-full e-flex e-con e-child\" data-id=\"2f2b445\" data-element_type=\"container\">\n\t\t\t\t<div class=\"elementor-element elementor-element-0680d15 elementor-widget elementor-widget-heading\" data-id=\"0680d15\" data-element_type=\"widget\" data-widget_type=\"heading.default\">\n\t\t\t\t<div class=\"elementor-widget-container\">\n\t\t\t<h5 class=\"elementor-heading-title elementor-size-default\">Vis\u00e3o<\/h5>\t\t<\/div>\n\t\t\t\t<\/div>\n\t\t\t\t<div class=\"elementor-element elementor-element-cd9423c elementor-widget elementor-widget-heading\" data-id=\"cd9423c\" data-element_type=\"widget\" data-widget_type=\"heading.default\">\n\t\t\t\t<div class=\"elementor-widget-container\">\n\t\t\t<h5 class=\"elementor-heading-title elementor-size-default\">Ser reconhecida como refer\u00eancia nacional em solu\u00e7\u00f5es el\u00e9tricas sustent\u00e1veis e inovadoras, liderando o mercado pela excel\u00eancia t\u00e9cnica, compromisso com a qualidade e impacto positivo nas comunidades atendidas.<\/h5>\t\t<\/div>\n\t\t\t\t<\/div>\n\t\t\t\t<\/div>\n\t\t<div class=\"elementor-element elementor-element-aee637d e-con-full e-flex e-con e-child\" data-id=\"aee637d\" data-element_type=\"container\">\n\t\t\t\t<div class=\"elementor-element elementor-element-84fb706 elementor-widget elementor-widget-heading\" data-id=\"84fb706\" data-element_type=\"widget\" data-widget_type=\"heading.default\">\n\t\t\t\t<div class=\"elementor-widget-container\">\n\t\t\t<h5 class=\"elementor-heading-title elementor-size-default\">Miss\u00e3o<\/h5>\t\t<\/div>\n\t\t\t\t<\/div>\n\t\t\t\t<div class=\"elementor-element elementor-element-8c9b9f4 elementor-widget elementor-widget-heading\" data-id=\"8c9b9f4\" data-element_type=\"widget\" data-widget_type=\"heading.default\">\n\t\t\t\t<div class=\"elementor-widget-container\">\n\t\t\t<h5 class=\"elementor-heading-title elementor-size-default\">Oferecer solu\u00e7\u00f5es completas em infraestrutura el\u00e9trica com efici\u00eancia, seguran\u00e7a e sustentabilidade, superando as expectativas de nossos clientes e promovendo o desenvolvimento de empreendimentos que valorizem o bem-estar social e ambiental.<\/h5>\t\t<\/div>\n\t\t\t\t<\/div>\n\t\t\t\t<\/div>\n\t\t\t\t\t<\/div>\n\t\t\t\t<\/div>\n\t\t<div class=\"elementor-element elementor-element-6be3dbd e-flex e-con-boxed e-con e-parent\" data-id=\"6be3dbd\" data-element_type=\"container\">\n\t\t\t\t\t<div class=\"e-con-inner\">\n\t\t<div class=\"elementor-element elementor-element-63b96a6 e-con-full e-flex e-con e-child\" data-id=\"63b96a6\" data-element_type=\"container\">\n\t\t\t\t<div class=\"elementor-element elementor-element-e01404d elementor-widget elementor-widget-heading\" data-id=\"e01404d\" data-element_type=\"widget\" data-widget_type=\"heading.default\">\n\t\t\t\t<div class=\"elementor-widget-container\">\n\t\t\t<h5 class=\"elementor-heading-title elementor-size-default\">Valores<\/h5>\t\t<\/div>\n\t\t\t\t<\/div>\n\t\t\t\t<div class=\"elementor-element elementor-element-37c12b8 elementor-widget elementor-widget-heading\" data-id=\"37c12b8\" data-element_type=\"widget\" data-widget_type=\"heading.default\">\n\t\t\t\t<div class=\"elementor-widget-container\">\n\t\t\t<h5 class=\"elementor-heading-title elementor-size-default\"><b>Qualidade e Excel\u00eancia<\/b><br>Compromisso em entregar projetos que atendam aos mais altos padr\u00f5es t\u00e9cnicos e regulat\u00f3rios.<br><b>Sustentabilidade<br><\/b>Promover pr\u00e1ticas respons\u00e1veis que respeitem o meio ambiente e gerem valor para a sociedade.<\/h5>\t\t<\/div>\n\t\t\t\t<\/div>\n\t\t\t\t<\/div>\n\t\t<div class=\"elementor-element elementor-element-83f0034 e-con-full e-flex e-con e-child\" data-id=\"83f0034\" data-element_type=\"container\">\n\t\t\t\t<div class=\"elementor-element elementor-element-1e55a2a elementor-hidden-tablet elementor-hidden-mobile elementor-widget elementor-widget-spacer\" data-id=\"1e55a2a\" data-element_type=\"widget\" data-widget_type=\"spacer.default\">\n\t\t\t\t<div class=\"elementor-widget-container\">\n\t\t\t\t\t<div class=\"elementor-spacer\">\n\t\t\t<div class=\"elementor-spacer-inner\"><\/div>\n\t\t<\/div>\n\t\t\t\t<\/div>\n\t\t\t\t<\/div>\n\t\t\t\t<div class=\"elementor-element elementor-element-304ecfe elementor-widget elementor-widget-heading\" data-id=\"304ecfe\" data-element_type=\"widget\" data-widget_type=\"heading.default\">\n\t\t\t\t<div class=\"elementor-widget-container\">\n\t\t\t<h5 class=\"elementor-heading-title elementor-size-default\"><b>\u00c9tica e Transpar\u00eancia<br><\/b>Conduzir nossas opera\u00e7\u00f5es com honestidade, integridade e clareza em todas as etapas.<br><b>Inova\u00e7\u00e3o<br><\/b>Investir em solu\u00e7\u00f5es modernas e eficientes que otimizem recursos e agreguem valor aos nossos clientes.<\/h5>\t\t<\/div>\n\t\t\t\t<\/div>\n\t\t\t\t<\/div>\n\t\t<div class=\"elementor-element elementor-element-110d5d4 e-con-full e-flex e-con e-child\" data-id=\"110d5d4\" data-element_type=\"container\">\n\t\t\t\t<div class=\"elementor-element elementor-element-37312cd elementor-hidden-tablet elementor-hidden-mobile elementor-widget elementor-widget-spacer\" data-id=\"37312cd\" data-element_type=\"widget\" data-widget_type=\"spacer.default\">\n\t\t\t\t<div class=\"elementor-widget-container\">\n\t\t\t\t\t<div class=\"elementor-spacer\">\n\t\t\t<div class=\"elementor-spacer-inner\"><\/div>\n\t\t<\/div>\n\t\t\t\t<\/div>\n\t\t\t\t<\/div>\n\t\t\t\t<div class=\"elementor-element elementor-element-efa5a1f elementor-widget elementor-widget-heading\" data-id=\"efa5a1f\" data-element_type=\"widget\" data-widget_type=\"heading.default\">\n\t\t\t\t<div class=\"elementor-widget-container\">\n\t\t\t<h5 class=\"elementor-heading-title elementor-size-default\"><b>Foco no Cliente<br><\/b>Priorizar o atendimento personalizado e a constru\u00e7\u00e3o de parcerias duradouras.<br><b>Seguran\u00e7a<br><\/b>Garantir a prote\u00e7\u00e3o de nossos colaboradores, clientes e comunidades em todos os projetos realizados.<br><b>Colabora\u00e7\u00e3o e Respeito<br><\/b>Valorizar o trabalho em equipe, promovendo um ambiente inclusivo e respeitoso.<\/h5>\t\t<\/div>\n\t\t\t\t<\/div>\n\t\t\t\t<\/div>\n\t\t\t\t\t<\/div>\n\t\t\t\t<\/div>\n\t\t\t\t<\/div>\n\t\t","protected":false},"excerpt":{"rendered":"<p>Sobre N\u00f3s Conhe\u00e7a um pouco sobre n\u00f3s A STOA Solu\u00e7\u00f5es em Energia se destaca na instala\u00e7\u00e3o e manuten\u00e7\u00e3o de sistemas el\u00e9tricos de pot\u00eancia (SEP) de m\u00e9dia e baixa tens\u00e3o, atendendo de forma especializada loteamentos, ind\u00fastrias, constru\u00e7\u00e3o civil e o com\u00e9rcio. Localizada na Grande Vit\u00f3ria-ES, nossa equipe de engenheiros e t\u00e9cnicos altamente qualificados est\u00e1 pronta para [&hellip;]<\/p>\n","protected":false},"author":1,"featured_media":0,"parent":0,"menu_order":0,"comment_status":"closed","ping_status":"closed","template":"elementor_header_footer","meta":{"site-sidebar-layout":"no-sidebar","site-content-layout":"page-builder","ast-site-content-layout":"full-width-container","site-content-style":"default","site-sidebar-style":"default","ast-global-header-display":"","ast-banner-title-visibility":"","ast-main-header-display":"","ast-hfb-above-header-display":"","ast-hfb-below-header-display":"","ast-hfb-mobile-header-display":"","site-post-title":"disabled","ast-breadcrumbs-content":"","ast-featured-img":"disabled","footer-sml-layout":"","theme-transparent-header-meta":"default","adv-header-id-meta":"","stick-header-meta":"","header-above-stick-meta":"","header-main-stick-meta":"","header-below-stick-meta":"","astra-migrate-meta-layouts":"set","ast-page-background-enabled":"default","ast-page-background-meta":{"desktop":{"background-color":"var(--ast-global-color-4)","background-image":"","background-repeat":"repeat","background-position":"center center","background-size":"auto","background-attachment":"scroll","background-type":"","background-media":"","overlay-type":"","overlay-color":"","overlay-opacity":"","overlay-gradient":""},"tablet":{"background-color":"","background-image":"","background-repeat":"repeat","background-position":"center center","background-size":"auto","background-attachment":"scroll","background-type":"","background-media":"","overlay-type":"","overlay-color":"","overlay-opacity":"","overlay-gradient":""},"mobile":{"background-color":"","background-image":"","background-repeat":"repeat","background-position":"center center","background-size":"auto","background-attachment":"scroll","background-type":"","background-media":"","overlay-type":"","overlay-color":"","overlay-opacity":"","overlay-gradient":""}},"ast-content-background-meta":{"desktop":{"background-color":"var(--ast-global-color-5)","background-image":"","background-repeat":"repeat","background-position":"center center","background-size":"auto","background-attachment":"scroll","background-type":"","background-media":"","overlay-type":"","overlay-color":"","overlay-opacity":"","overlay-gradient":""},"tablet":{"background-color":"var(--ast-global-color-5)","background-image":"","background-repeat":"repeat","background-position":"center center","background-size":"auto","background-attachment":"scroll","background-type":"","background-media":"","overlay-type":"","overlay-color":"","overlay-opacity":"","overlay-gradient":""},"mobile":{"background-color":"var(--ast-global-color-5)","background-image":"","background-repeat":"repeat","background-position":"center center","background-size":"auto","background-attachment":"scroll","background-type":"","background-media":"","overlay-type":"","overlay-color":"","overlay-opacity":"","overlay-gradient":""}},"footnotes":""},"class_list":["post-1185","page","type-page","status-publish","hentry"],"_links":{"self":[{"href":"https:\/\/stoa.eng.br\/site\/index.php?rest_route=\/wp\/v2\/pages\/1185","targetHints":{"allow":["GET"]}}],"collection":[{"href":"https:\/\/stoa.eng.br\/site\/index.php?rest_route=\/wp\/v2\/pages"}],"about":[{"href":"https:\/\/stoa.eng.br\/site\/index.php?rest_route=\/wp\/v2\/types\/page"}],"author":[{"embeddable":true,"href":"https:\/\/stoa.eng.br\/site\/index.php?rest_route=\/wp\/v2\/users\/1"}],"replies":[{"embeddable":true,"href":"https:\/\/stoa.eng.br\/site\/index.php?rest_route=%2Fwp%2Fv2%2Fcomments&post=1185"}],"version-history":[{"count":55,"href":"https:\/\/stoa.eng.br\/site\/index.php?rest_route=\/wp\/v2\/pages\/1185\/revisions"}],"predecessor-version":[{"id":1681,"href":"https:\/\/stoa.eng.br\/site\/index.php?rest_route=\/wp\/v2\/pages\/1185\/revisions\/1681"}],"wp:attachment":[{"href":"https:\/\/stoa.eng.br\/site\/index.php?rest_route=%2Fwp%2Fv2%2Fmedia&parent=1185"}],"curies":[{"name":"wp","href":"https:\/\/api.w.org\/{rel}","templated":true}]}}