{"id":1467,"date":"2024-11-16T23:18:45","date_gmt":"2024-11-16T23:18:45","guid":{"rendered":"https:\/\/stoa.eng.br\/site\/?page_id=1467"},"modified":"2025-01-08T12:26:19","modified_gmt":"2025-01-08T12:26:19","slug":"obras","status":"publish","type":"page","link":"https:\/\/stoa.eng.br\/site\/?page_id=1467","title":{"rendered":"Obras"},"content":{"rendered":"\t\t<div data-elementor-type=\"wp-page\" data-elementor-id=\"1467\" class=\"elementor elementor-1467\">\n\t\t\t\t<div class=\"elementor-element elementor-element-aa2f3ca e-flex e-con-boxed e-con e-parent\" data-id=\"aa2f3ca\" data-element_type=\"container\" data-settings=\"{&quot;background_background&quot;:&quot;classic&quot;}\">\n\t\t\t\t\t<div class=\"e-con-inner\">\n\t\t\t\t<div class=\"elementor-element elementor-element-38c3c32 elementor-widget elementor-widget-heading\" data-id=\"38c3c32\" data-element_type=\"widget\" data-widget_type=\"heading.default\">\n\t\t\t\t<div class=\"elementor-widget-container\">\n\t\t\t<h2 class=\"elementor-heading-title elementor-size-default\">Obras Constru\u00eddas<\/h2>\t\t<\/div>\n\t\t\t\t<\/div>\n\t\t\t\t\t<\/div>\n\t\t\t\t<\/div>\n\t\t<div class=\"elementor-element elementor-element-f28420c e-flex e-con-boxed e-con e-parent\" data-id=\"f28420c\" data-element_type=\"container\">\n\t\t\t\t\t<div class=\"e-con-inner\">\n\t\t\t\t<div class=\"elementor-element elementor-element-4a8cc25 elementor-widget elementor-widget-heading\" data-id=\"4a8cc25\" data-element_type=\"widget\" data-widget_type=\"heading.default\">\n\t\t\t\t<div class=\"elementor-widget-container\">\n\t\t\t<h5 class=\"elementor-heading-title elementor-size-default\">LOTEAMENTOS ATENDIDOS<\/h5>\t\t<\/div>\n\t\t\t\t<\/div>\n\t\t<div class=\"elementor-element elementor-element-ee4eed5 e-con-full e-flex e-con e-child\" data-id=\"ee4eed5\" data-element_type=\"container\">\n\t\t<div class=\"elementor-element elementor-element-3c7e723 e-con-full e-flex e-con e-child\" data-id=\"3c7e723\" data-element_type=\"container\">\n\t\t\t\t<div class=\"elementor-element elementor-element-5eb59b0 elementor-widget elementor-widget-image\" data-id=\"5eb59b0\" data-element_type=\"widget\" data-widget_type=\"image.default\">\n\t\t\t\t<div class=\"elementor-widget-container\">\n\t\t\t\t\t\t\t\t\t\t\t\t\t<img fetchpriority=\"high\" decoding=\"async\" width=\"1280\" height=\"764\" src=\"https:\/\/stoa.eng.br\/site\/wp-content\/uploads\/2024\/11\/Imagem-do-WhatsApp-de-2024-11-16-as-20.18.27_a40def21.jpg\" class=\"attachment-full size-full wp-image-1473\" alt=\"\" srcset=\"https:\/\/stoa.eng.br\/site\/wp-content\/uploads\/2024\/11\/Imagem-do-WhatsApp-de-2024-11-16-as-20.18.27_a40def21.jpg 1280w, https:\/\/stoa.eng.br\/site\/wp-content\/uploads\/2024\/11\/Imagem-do-WhatsApp-de-2024-11-16-as-20.18.27_a40def21-300x179.jpg 300w, https:\/\/stoa.eng.br\/site\/wp-content\/uploads\/2024\/11\/Imagem-do-WhatsApp-de-2024-11-16-as-20.18.27_a40def21-1024x611.jpg 1024w, https:\/\/stoa.eng.br\/site\/wp-content\/uploads\/2024\/11\/Imagem-do-WhatsApp-de-2024-11-16-as-20.18.27_a40def21-768x458.jpg 768w\" sizes=\"(max-width: 1280px) 100vw, 1280px\" \/>\t\t\t\t\t\t\t\t\t\t\t\t\t<\/div>\n\t\t\t\t<\/div>\n\t\t\t\t<div class=\"elementor-element elementor-element-dc490aa elementor-widget elementor-widget-heading\" data-id=\"dc490aa\" data-element_type=\"widget\" data-widget_type=\"heading.default\">\n\t\t\t\t<div class=\"elementor-widget-container\">\n\t\t\t<h5 class=\"elementor-heading-title elementor-size-default\">Jardim Veneza<\/h5>\t\t<\/div>\n\t\t\t\t<\/div>\n\t\t\t\t<\/div>\n\t\t<div class=\"elementor-element elementor-element-b7cba59 e-con-full e-flex e-con e-child\" data-id=\"b7cba59\" data-element_type=\"container\">\n\t\t\t\t<div class=\"elementor-element elementor-element-152a7ca elementor-widget elementor-widget-image\" data-id=\"152a7ca\" data-element_type=\"widget\" data-widget_type=\"image.default\">\n\t\t\t\t<div class=\"elementor-widget-container\">\n\t\t\t\t\t\t\t\t\t\t\t\t\t<img decoding=\"async\" width=\"345\" height=\"207\" src=\"https:\/\/stoa.eng.br\/site\/wp-content\/uploads\/2024\/11\/Imagem-do-WhatsApp-de-2024-11-16-as-20.18.26_52b969fd.jpg\" class=\"attachment-full size-full wp-image-1474\" alt=\"\" srcset=\"https:\/\/stoa.eng.br\/site\/wp-content\/uploads\/2024\/11\/Imagem-do-WhatsApp-de-2024-11-16-as-20.18.26_52b969fd.jpg 345w, https:\/\/stoa.eng.br\/site\/wp-content\/uploads\/2024\/11\/Imagem-do-WhatsApp-de-2024-11-16-as-20.18.26_52b969fd-300x180.jpg 300w\" sizes=\"(max-width: 345px) 100vw, 345px\" \/>\t\t\t\t\t\t\t\t\t\t\t\t\t<\/div>\n\t\t\t\t<\/div>\n\t\t\t\t<div class=\"elementor-element elementor-element-f135a2b elementor-widget elementor-widget-heading\" data-id=\"f135a2b\" data-element_type=\"widget\" data-widget_type=\"heading.default\">\n\t\t\t\t<div class=\"elementor-widget-container\">\n\t\t\t<h5 class=\"elementor-heading-title elementor-size-default\">Revieira da Aldeia<\/h5>\t\t<\/div>\n\t\t\t\t<\/div>\n\t\t\t\t<\/div>\n\t\t<div class=\"elementor-element elementor-element-2b6793c e-con-full e-flex e-con e-child\" data-id=\"2b6793c\" data-element_type=\"container\">\n\t\t\t\t<div class=\"elementor-element elementor-element-131fc01 elementor-widget elementor-widget-image\" data-id=\"131fc01\" data-element_type=\"widget\" data-widget_type=\"image.default\">\n\t\t\t\t<div class=\"elementor-widget-container\">\n\t\t\t\t\t\t\t\t\t\t\t\t\t<img decoding=\"async\" width=\"988\" height=\"560\" src=\"https:\/\/stoa.eng.br\/site\/wp-content\/uploads\/2024\/11\/Imagem-do-WhatsApp-de-2024-11-16-as-20.18.24_29f108e8.jpg\" class=\"attachment-full size-full wp-image-1475\" alt=\"\" srcset=\"https:\/\/stoa.eng.br\/site\/wp-content\/uploads\/2024\/11\/Imagem-do-WhatsApp-de-2024-11-16-as-20.18.24_29f108e8.jpg 988w, https:\/\/stoa.eng.br\/site\/wp-content\/uploads\/2024\/11\/Imagem-do-WhatsApp-de-2024-11-16-as-20.18.24_29f108e8-300x170.jpg 300w, https:\/\/stoa.eng.br\/site\/wp-content\/uploads\/2024\/11\/Imagem-do-WhatsApp-de-2024-11-16-as-20.18.24_29f108e8-768x435.jpg 768w\" sizes=\"(max-width: 988px) 100vw, 988px\" \/>\t\t\t\t\t\t\t\t\t\t\t\t\t<\/div>\n\t\t\t\t<\/div>\n\t\t\t\t<div class=\"elementor-element elementor-element-523f00c elementor-widget elementor-widget-heading\" data-id=\"523f00c\" data-element_type=\"widget\" data-widget_type=\"heading.default\">\n\t\t\t\t<div class=\"elementor-widget-container\">\n\t\t\t<h5 class=\"elementor-heading-title elementor-size-default\">Linha Sul<\/h5>\t\t<\/div>\n\t\t\t\t<\/div>\n\t\t\t\t<\/div>\n\t\t\t\t<\/div>\n\t\t<div class=\"elementor-element elementor-element-b1b1a7f e-con-full e-flex e-con e-child\" data-id=\"b1b1a7f\" data-element_type=\"container\">\n\t\t<div class=\"elementor-element elementor-element-e234654 e-con-full e-flex e-con e-child\" data-id=\"e234654\" data-element_type=\"container\">\n\t\t\t\t<div class=\"elementor-element elementor-element-687ad27 elementor-widget elementor-widget-image\" data-id=\"687ad27\" data-element_type=\"widget\" data-widget_type=\"image.default\">\n\t\t\t\t<div class=\"elementor-widget-container\">\n\t\t\t\t\t\t\t\t\t\t\t\t\t<img loading=\"lazy\" decoding=\"async\" width=\"1600\" height=\"516\" src=\"https:\/\/stoa.eng.br\/site\/wp-content\/uploads\/2024\/11\/Imagem-do-WhatsApp-de-2024-11-16-as-20.26.00_282a5bd4.jpg\" class=\"attachment-full size-full wp-image-1481\" alt=\"\" srcset=\"https:\/\/stoa.eng.br\/site\/wp-content\/uploads\/2024\/11\/Imagem-do-WhatsApp-de-2024-11-16-as-20.26.00_282a5bd4.jpg 1600w, https:\/\/stoa.eng.br\/site\/wp-content\/uploads\/2024\/11\/Imagem-do-WhatsApp-de-2024-11-16-as-20.26.00_282a5bd4-300x97.jpg 300w, https:\/\/stoa.eng.br\/site\/wp-content\/uploads\/2024\/11\/Imagem-do-WhatsApp-de-2024-11-16-as-20.26.00_282a5bd4-1024x330.jpg 1024w, https:\/\/stoa.eng.br\/site\/wp-content\/uploads\/2024\/11\/Imagem-do-WhatsApp-de-2024-11-16-as-20.26.00_282a5bd4-768x248.jpg 768w, https:\/\/stoa.eng.br\/site\/wp-content\/uploads\/2024\/11\/Imagem-do-WhatsApp-de-2024-11-16-as-20.26.00_282a5bd4-1536x495.jpg 1536w\" sizes=\"(max-width: 1600px) 100vw, 1600px\" \/>\t\t\t\t\t\t\t\t\t\t\t\t\t<\/div>\n\t\t\t\t<\/div>\n\t\t\t\t<div class=\"elementor-element elementor-element-6b51c3c elementor-widget elementor-widget-heading\" data-id=\"6b51c3c\" data-element_type=\"widget\" data-widget_type=\"heading.default\">\n\t\t\t\t<div class=\"elementor-widget-container\">\n\t\t\t<h5 class=\"elementor-heading-title elementor-size-default\">Alphaville Jacury<\/h5>\t\t<\/div>\n\t\t\t\t<\/div>\n\t\t\t\t<\/div>\n\t\t<div class=\"elementor-element elementor-element-0d4dee1 e-con-full e-flex e-con e-child\" data-id=\"0d4dee1\" data-element_type=\"container\">\n\t\t\t\t<div class=\"elementor-element elementor-element-6df6981 elementor-widget elementor-widget-image\" data-id=\"6df6981\" data-element_type=\"widget\" data-widget_type=\"image.default\">\n\t\t\t\t<div class=\"elementor-widget-container\">\n\t\t\t\t\t\t\t\t\t\t\t\t\t<img loading=\"lazy\" decoding=\"async\" width=\"500\" height=\"280\" src=\"https:\/\/stoa.eng.br\/site\/wp-content\/uploads\/2024\/11\/Imagem-do-WhatsApp-de-2024-11-16-as-20.28.04_3a08c99b.jpg\" class=\"attachment-full size-full wp-image-1483\" alt=\"\" srcset=\"https:\/\/stoa.eng.br\/site\/wp-content\/uploads\/2024\/11\/Imagem-do-WhatsApp-de-2024-11-16-as-20.28.04_3a08c99b.jpg 500w, https:\/\/stoa.eng.br\/site\/wp-content\/uploads\/2024\/11\/Imagem-do-WhatsApp-de-2024-11-16-as-20.28.04_3a08c99b-300x168.jpg 300w\" sizes=\"(max-width: 500px) 100vw, 500px\" \/>\t\t\t\t\t\t\t\t\t\t\t\t\t<\/div>\n\t\t\t\t<\/div>\n\t\t\t\t<div class=\"elementor-element elementor-element-0efebed elementor-widget elementor-widget-heading\" data-id=\"0efebed\" data-element_type=\"widget\" data-widget_type=\"heading.default\">\n\t\t\t\t<div class=\"elementor-widget-container\">\n\t\t\t<h5 class=\"elementor-heading-title elementor-size-default\">Arquip\u00e9lago de Manguinhos<\/h5>\t\t<\/div>\n\t\t\t\t<\/div>\n\t\t\t\t<\/div>\n\t\t<div class=\"elementor-element elementor-element-9f70edf e-con-full e-flex e-con e-child\" data-id=\"9f70edf\" data-element_type=\"container\">\n\t\t\t\t<div class=\"elementor-element elementor-element-2b84357 elementor-widget elementor-widget-image\" data-id=\"2b84357\" data-element_type=\"widget\" data-widget_type=\"image.default\">\n\t\t\t\t<div class=\"elementor-widget-container\">\n\t\t\t\t\t\t\t\t\t\t\t\t\t<img loading=\"lazy\" decoding=\"async\" width=\"512\" height=\"232\" src=\"https:\/\/stoa.eng.br\/site\/wp-content\/uploads\/2024\/11\/Imagem-do-WhatsApp-de-2024-11-16-as-20.29.48_8a2df505.jpg\" class=\"attachment-full size-full wp-image-1491\" alt=\"\" srcset=\"https:\/\/stoa.eng.br\/site\/wp-content\/uploads\/2024\/11\/Imagem-do-WhatsApp-de-2024-11-16-as-20.29.48_8a2df505.jpg 512w, https:\/\/stoa.eng.br\/site\/wp-content\/uploads\/2024\/11\/Imagem-do-WhatsApp-de-2024-11-16-as-20.29.48_8a2df505-300x136.jpg 300w\" sizes=\"(max-width: 512px) 100vw, 512px\" \/>\t\t\t\t\t\t\t\t\t\t\t\t\t<\/div>\n\t\t\t\t<\/div>\n\t\t\t\t<div class=\"elementor-element elementor-element-177e2f4 elementor-widget elementor-widget-heading\" data-id=\"177e2f4\" data-element_type=\"widget\" data-widget_type=\"heading.default\">\n\t\t\t\t<div class=\"elementor-widget-container\">\n\t\t\t<h5 class=\"elementor-heading-title elementor-size-default\">Reserva da Morada<\/h5>\t\t<\/div>\n\t\t\t\t<\/div>\n\t\t\t\t<\/div>\n\t\t\t\t<\/div>\n\t\t\t\t\t<\/div>\n\t\t\t\t<\/div>\n\t\t<div class=\"elementor-element elementor-element-f7a9bd7 e-flex e-con-boxed e-con e-parent\" data-id=\"f7a9bd7\" data-element_type=\"container\">\n\t\t\t\t\t<div class=\"e-con-inner\">\n\t\t\t\t<div class=\"elementor-element elementor-element-638a312 elementor-widget elementor-widget-heading\" data-id=\"638a312\" data-element_type=\"widget\" data-widget_type=\"heading.default\">\n\t\t\t\t<div class=\"elementor-widget-container\">\n\t\t\t<h5 class=\"elementor-heading-title elementor-size-default\">OBRAS CONSTRu\u00cdDAS<\/h5>\t\t<\/div>\n\t\t\t\t<\/div>\n\t\t<div class=\"elementor-element elementor-element-12a98a9 e-con-full e-flex e-con e-child\" data-id=\"12a98a9\" data-element_type=\"container\">\n\t\t<div class=\"elementor-element elementor-element-e1ee1a3 e-con-full e-flex e-con e-child\" data-id=\"e1ee1a3\" data-element_type=\"container\">\n\t\t\t\t<div class=\"elementor-element elementor-element-6f99ccb elementor-widget elementor-widget-image\" data-id=\"6f99ccb\" data-element_type=\"widget\" data-widget_type=\"image.default\">\n\t\t\t\t<div class=\"elementor-widget-container\">\n\t\t\t\t\t\t\t\t\t\t\t\t\t<img loading=\"lazy\" decoding=\"async\" width=\"900\" height=\"500\" src=\"https:\/\/stoa.eng.br\/site\/wp-content\/uploads\/2024\/11\/Imagem-do-WhatsApp-de-2024-11-16-as-20.18.18_73dc6996.jpg\" class=\"attachment-full size-full wp-image-1472\" alt=\"\" srcset=\"https:\/\/stoa.eng.br\/site\/wp-content\/uploads\/2024\/11\/Imagem-do-WhatsApp-de-2024-11-16-as-20.18.18_73dc6996.jpg 900w, https:\/\/stoa.eng.br\/site\/wp-content\/uploads\/2024\/11\/Imagem-do-WhatsApp-de-2024-11-16-as-20.18.18_73dc6996-300x167.jpg 300w, https:\/\/stoa.eng.br\/site\/wp-content\/uploads\/2024\/11\/Imagem-do-WhatsApp-de-2024-11-16-as-20.18.18_73dc6996-768x427.jpg 768w\" sizes=\"(max-width: 900px) 100vw, 900px\" \/>\t\t\t\t\t\t\t\t\t\t\t\t\t<\/div>\n\t\t\t\t<\/div>\n\t\t\t\t<div class=\"elementor-element elementor-element-5865feb elementor-widget elementor-widget-heading\" data-id=\"5865feb\" data-element_type=\"widget\" data-widget_type=\"heading.default\">\n\t\t\t\t<div class=\"elementor-widget-container\">\n\t\t\t<h5 class=\"elementor-heading-title elementor-size-default\">Ilumina\u00e7\u00e3o Convento da Penha<\/h5>\t\t<\/div>\n\t\t\t\t<\/div>\n\t\t\t\t<\/div>\n\t\t<div class=\"elementor-element elementor-element-a3510aa e-con-full e-flex e-con e-child\" data-id=\"a3510aa\" data-element_type=\"container\">\n\t\t\t\t<div class=\"elementor-element elementor-element-e020f78 elementor-widget elementor-widget-image\" data-id=\"e020f78\" data-element_type=\"widget\" data-widget_type=\"image.default\">\n\t\t\t\t<div class=\"elementor-widget-container\">\n\t\t\t\t\t\t\t\t\t\t\t\t\t<img loading=\"lazy\" decoding=\"async\" width=\"276\" height=\"183\" src=\"https:\/\/stoa.eng.br\/site\/wp-content\/uploads\/2024\/11\/Imagem-do-WhatsApp-de-2024-11-16-as-20.18.22_8e10fa88.jpg\" class=\"attachment-full size-full wp-image-1477\" alt=\"\" \/>\t\t\t\t\t\t\t\t\t\t\t\t\t<\/div>\n\t\t\t\t<\/div>\n\t\t\t\t<div class=\"elementor-element elementor-element-ba0e1e7 elementor-widget elementor-widget-heading\" data-id=\"ba0e1e7\" data-element_type=\"widget\" data-widget_type=\"heading.default\">\n\t\t\t\t<div class=\"elementor-widget-container\">\n\t\t\t<h5 class=\"elementor-heading-title elementor-size-default\">Ilumina\u00e7\u00e3o Orla Jaca\u00edpe<\/h5>\t\t<\/div>\n\t\t\t\t<\/div>\n\t\t\t\t<\/div>\n\t\t<div class=\"elementor-element elementor-element-1afb8eb e-con-full e-flex e-con e-child\" data-id=\"1afb8eb\" data-element_type=\"container\">\n\t\t\t\t<div class=\"elementor-element elementor-element-7430594 elementor-widget elementor-widget-image\" data-id=\"7430594\" data-element_type=\"widget\" data-widget_type=\"image.default\">\n\t\t\t\t<div class=\"elementor-widget-container\">\n\t\t\t\t\t\t\t\t\t\t\t\t\t<img loading=\"lazy\" decoding=\"async\" width=\"1280\" height=\"719\" src=\"https:\/\/stoa.eng.br\/site\/wp-content\/uploads\/2024\/11\/Imagem-do-WhatsApp-de-2024-11-16-as-20.18.19_f64497ff.jpg\" class=\"attachment-full size-full wp-image-1476\" alt=\"\" srcset=\"https:\/\/stoa.eng.br\/site\/wp-content\/uploads\/2024\/11\/Imagem-do-WhatsApp-de-2024-11-16-as-20.18.19_f64497ff.jpg 1280w, https:\/\/stoa.eng.br\/site\/wp-content\/uploads\/2024\/11\/Imagem-do-WhatsApp-de-2024-11-16-as-20.18.19_f64497ff-300x169.jpg 300w, https:\/\/stoa.eng.br\/site\/wp-content\/uploads\/2024\/11\/Imagem-do-WhatsApp-de-2024-11-16-as-20.18.19_f64497ff-1024x575.jpg 1024w, https:\/\/stoa.eng.br\/site\/wp-content\/uploads\/2024\/11\/Imagem-do-WhatsApp-de-2024-11-16-as-20.18.19_f64497ff-768x431.jpg 768w\" sizes=\"(max-width: 1280px) 100vw, 1280px\" \/>\t\t\t\t\t\t\t\t\t\t\t\t\t<\/div>\n\t\t\t\t<\/div>\n\t\t\t\t<div class=\"elementor-element elementor-element-141e9ba elementor-widget elementor-widget-heading\" data-id=\"141e9ba\" data-element_type=\"widget\" data-widget_type=\"heading.default\">\n\t\t\t\t<div class=\"elementor-widget-container\">\n\t\t\t<h5 class=\"elementor-heading-title elementor-size-default\">Carnaval Vit\u00f3ria -\u00a0ES<\/h5>\t\t<\/div>\n\t\t\t\t<\/div>\n\t\t\t\t<\/div>\n\t\t\t\t<\/div>\n\t\t<div class=\"elementor-element elementor-element-b8cd56f e-con-full e-flex e-con e-child\" data-id=\"b8cd56f\" data-element_type=\"container\">\n\t\t<div class=\"elementor-element elementor-element-cc4d94a e-con-full e-flex e-con e-child\" data-id=\"cc4d94a\" data-element_type=\"container\">\n\t\t\t\t<div class=\"elementor-element elementor-element-81075de elementor-widget elementor-widget-image\" data-id=\"81075de\" data-element_type=\"widget\" data-widget_type=\"image.default\">\n\t\t\t\t<div class=\"elementor-widget-container\">\n\t\t\t\t\t\t\t\t\t\t\t\t\t<img loading=\"lazy\" decoding=\"async\" width=\"1024\" height=\"575\" src=\"https:\/\/stoa.eng.br\/site\/wp-content\/uploads\/2025\/01\/imagem.jpg\" class=\"attachment-full size-full wp-image-1659\" alt=\"\" srcset=\"https:\/\/stoa.eng.br\/site\/wp-content\/uploads\/2025\/01\/imagem.jpg 1024w, https:\/\/stoa.eng.br\/site\/wp-content\/uploads\/2025\/01\/imagem-300x168.jpg 300w, https:\/\/stoa.eng.br\/site\/wp-content\/uploads\/2025\/01\/imagem-768x431.jpg 768w\" sizes=\"(max-width: 1024px) 100vw, 1024px\" \/>\t\t\t\t\t\t\t\t\t\t\t\t\t<\/div>\n\t\t\t\t<\/div>\n\t\t\t\t<div class=\"elementor-element elementor-element-34c3d6f elementor-widget elementor-widget-heading\" data-id=\"34c3d6f\" data-element_type=\"widget\" data-widget_type=\"heading.default\">\n\t\t\t\t<div class=\"elementor-widget-container\">\n\t\t\t<h5 class=\"elementor-heading-title elementor-size-default\">Ilumina\u00e7\u00e3o Rodovia Aeroporto<\/h5>\t\t<\/div>\n\t\t\t\t<\/div>\n\t\t\t\t<\/div>\n\t\t<div class=\"elementor-element elementor-element-b1484a0 e-con-full e-flex e-con e-child\" data-id=\"b1484a0\" data-element_type=\"container\">\n\t\t\t\t<div class=\"elementor-element elementor-element-39fc717 elementor-widget elementor-widget-image\" data-id=\"39fc717\" data-element_type=\"widget\" data-widget_type=\"image.default\">\n\t\t\t\t<div class=\"elementor-widget-container\">\n\t\t\t\t\t\t\t\t\t\t\t\t\t<img loading=\"lazy\" decoding=\"async\" width=\"1500\" height=\"998\" src=\"https:\/\/stoa.eng.br\/site\/wp-content\/uploads\/2024\/11\/Imagem-do-WhatsApp-de-2024-11-16-as-20.33.53_1c3fae9e.jpg\" class=\"attachment-full size-full wp-image-1502\" alt=\"\" srcset=\"https:\/\/stoa.eng.br\/site\/wp-content\/uploads\/2024\/11\/Imagem-do-WhatsApp-de-2024-11-16-as-20.33.53_1c3fae9e.jpg 1500w, https:\/\/stoa.eng.br\/site\/wp-content\/uploads\/2024\/11\/Imagem-do-WhatsApp-de-2024-11-16-as-20.33.53_1c3fae9e-300x200.jpg 300w, https:\/\/stoa.eng.br\/site\/wp-content\/uploads\/2024\/11\/Imagem-do-WhatsApp-de-2024-11-16-as-20.33.53_1c3fae9e-1024x681.jpg 1024w, https:\/\/stoa.eng.br\/site\/wp-content\/uploads\/2024\/11\/Imagem-do-WhatsApp-de-2024-11-16-as-20.33.53_1c3fae9e-768x511.jpg 768w\" sizes=\"(max-width: 1500px) 100vw, 1500px\" \/>\t\t\t\t\t\t\t\t\t\t\t\t\t<\/div>\n\t\t\t\t<\/div>\n\t\t\t\t<div class=\"elementor-element elementor-element-f1bf8cf elementor-widget elementor-widget-heading\" data-id=\"f1bf8cf\" data-element_type=\"widget\" data-widget_type=\"heading.default\">\n\t\t\t\t<div class=\"elementor-widget-container\">\n\t\t\t<h5 class=\"elementor-heading-title elementor-size-default\">Ilumina\u00e7\u00e3o Pra\u00e7a dos Namorados<\/h5>\t\t<\/div>\n\t\t\t\t<\/div>\n\t\t\t\t<\/div>\n\t\t<div class=\"elementor-element elementor-element-79c1116 e-con-full e-flex e-con e-child\" data-id=\"79c1116\" data-element_type=\"container\">\n\t\t\t\t<div class=\"elementor-element elementor-element-d67b2cb elementor-widget elementor-widget-image\" data-id=\"d67b2cb\" data-element_type=\"widget\" data-widget_type=\"image.default\">\n\t\t\t\t<div class=\"elementor-widget-container\">\n\t\t\t\t\t\t\t\t\t\t\t\t\t<img loading=\"lazy\" decoding=\"async\" width=\"1024\" height=\"575\" src=\"https:\/\/stoa.eng.br\/site\/wp-content\/uploads\/2025\/01\/lesteoeste.jpg\" class=\"attachment-full size-full wp-image-1661\" alt=\"\" srcset=\"https:\/\/stoa.eng.br\/site\/wp-content\/uploads\/2025\/01\/lesteoeste.jpg 1024w, https:\/\/stoa.eng.br\/site\/wp-content\/uploads\/2025\/01\/lesteoeste-300x168.jpg 300w, https:\/\/stoa.eng.br\/site\/wp-content\/uploads\/2025\/01\/lesteoeste-768x431.jpg 768w\" sizes=\"(max-width: 1024px) 100vw, 1024px\" \/>\t\t\t\t\t\t\t\t\t\t\t\t\t<\/div>\n\t\t\t\t<\/div>\n\t\t\t\t<div class=\"elementor-element elementor-element-7720bfb elementor-widget elementor-widget-heading\" data-id=\"7720bfb\" data-element_type=\"widget\" data-widget_type=\"heading.default\">\n\t\t\t\t<div class=\"elementor-widget-container\">\n\t\t\t<h5 class=\"elementor-heading-title elementor-size-default\">Empreendimento Leste Oeste<\/h5>\t\t<\/div>\n\t\t\t\t<\/div>\n\t\t\t\t<\/div>\n\t\t\t\t<\/div>\n\t\t\t\t\t<\/div>\n\t\t\t\t<\/div>\n\t\t\t\t<\/div>\n\t\t","protected":false},"excerpt":{"rendered":"<p>Obras Constru\u00eddas LOTEAMENTOS ATENDIDOS Jardim Veneza Revieira da Aldeia Linha Sul Alphaville Jacury Arquip\u00e9lago de Manguinhos Reserva da Morada OBRAS CONSTRu\u00cdDAS Ilumina\u00e7\u00e3o Convento da Penha Ilumina\u00e7\u00e3o Orla Jaca\u00edpe Carnaval Vit\u00f3ria &#8211;\u00a0ES Ilumina\u00e7\u00e3o Rodovia Aeroporto Ilumina\u00e7\u00e3o Pra\u00e7a dos Namorados Empreendimento Leste Oeste<\/p>\n","protected":false},"author":1,"featured_media":0,"parent":0,"menu_order":0,"comment_status":"closed","ping_status":"closed","template":"elementor_header_footer","meta":{"site-sidebar-layout":"no-sidebar","site-content-layout":"page-builder","ast-site-content-layout":"full-width-container","site-content-style":"default","site-sidebar-style":"default","ast-global-header-display":"","ast-banner-title-visibility":"","ast-main-header-display":"","ast-hfb-above-header-display":"","ast-hfb-below-header-display":"","ast-hfb-mobile-header-display":"","site-post-title":"disabled","ast-breadcrumbs-content":"","ast-featured-img":"disabled","footer-sml-layout":"","theme-transparent-header-meta":"default","adv-header-id-meta":"","stick-header-meta":"","header-above-stick-meta":"","header-main-stick-meta":"","header-below-stick-meta":"","astra-migrate-meta-layouts":"set","ast-page-background-enabled":"default","ast-page-background-meta":{"desktop":{"background-color":"var(--ast-global-color-4)","background-image":"","background-repeat":"repeat","background-position":"center center","background-size":"auto","background-attachment":"scroll","background-type":"","background-media":"","overlay-type":"","overlay-color":"","overlay-opacity":"","overlay-gradient":""},"tablet":{"background-color":"","background-image":"","background-repeat":"repeat","background-position":"center center","background-size":"auto","background-attachment":"scroll","background-type":"","background-media":"","overlay-type":"","overlay-color":"","overlay-opacity":"","overlay-gradient":""},"mobile":{"background-color":"","background-image":"","background-repeat":"repeat","background-position":"center center","background-size":"auto","background-attachment":"scroll","background-type":"","background-media":"","overlay-type":"","overlay-color":"","overlay-opacity":"","overlay-gradient":""}},"ast-content-background-meta":{"desktop":{"background-color":"var(--ast-global-color-5)","background-image":"","background-repeat":"repeat","background-position":"center center","background-size":"auto","background-attachment":"scroll","background-type":"","background-media":"","overlay-type":"","overlay-color":"","overlay-opacity":"","overlay-gradient":""},"tablet":{"background-color":"var(--ast-global-color-5)","background-image":"","background-repeat":"repeat","background-position":"center center","background-size":"auto","background-attachment":"scroll","background-type":"","background-media":"","overlay-type":"","overlay-color":"","overlay-opacity":"","overlay-gradient":""},"mobile":{"background-color":"var(--ast-global-color-5)","background-image":"","background-repeat":"repeat","background-position":"center center","background-size":"auto","background-attachment":"scroll","background-type":"","background-media":"","overlay-type":"","overlay-color":"","overlay-opacity":"","overlay-gradient":""}},"footnotes":""},"class_list":["post-1467","page","type-page","status-publish","hentry"],"_links":{"self":[{"href":"https:\/\/stoa.eng.br\/site\/index.php?rest_route=\/wp\/v2\/pages\/1467","targetHints":{"allow":["GET"]}}],"collection":[{"href":"https:\/\/stoa.eng.br\/site\/index.php?rest_route=\/wp\/v2\/pages"}],"about":[{"href":"https:\/\/stoa.eng.br\/site\/index.php?rest_route=\/wp\/v2\/types\/page"}],"author":[{"embeddable":true,"href":"https:\/\/stoa.eng.br\/site\/index.php?rest_route=\/wp\/v2\/users\/1"}],"replies":[{"embeddable":true,"href":"https:\/\/stoa.eng.br\/site\/index.php?rest_route=%2Fwp%2Fv2%2Fcomments&post=1467"}],"version-history":[{"count":37,"href":"https:\/\/stoa.eng.br\/site\/index.php?rest_route=\/wp\/v2\/pages\/1467\/revisions"}],"predecessor-version":[{"id":1664,"href":"https:\/\/stoa.eng.br\/site\/index.php?rest_route=\/wp\/v2\/pages\/1467\/revisions\/1664"}],"wp:attachment":[{"href":"https:\/\/stoa.eng.br\/site\/index.php?rest_route=%2Fwp%2Fv2%2Fmedia&parent=1467"}],"curies":[{"name":"wp","href":"https:\/\/api.w.org\/{rel}","templated":true}]}}